 hundreds digit of 463939?
9
What is the ten thousands digit of 1833752?
3
What is the ten thousands digit of 126582?
2
What is the thousands digit of 143602?
3
What is the ten thousands digit of 79748?
7
What is the millions digit of 2339280?
2
What is the ten thousands digit of 1639542?
3
What is the hundred thousands digit of 511550?
5
What is the hundred thousands digit of 2239239?
2
What is the hundred thousands digit of 1262161?
2
What is the units digit of 749564?
4
What is the millions digit of 26376056?
6
What is the hundred thousands digit of 3788707?
7
What is the tens digit of 331195?
9
What is the units digit of 626712?
2
What is the hundred thousands digit of 238542?
2
What is the units digit of 9133995?
5
What is the thousands digit of 561396?
1
What is the hundreds digit of 30500739?
7
What is the hundreds digit of 27448?
4
What is the units digit of 1688314?
4
What is the millions digit of 9105632?
9
What is the units digit of 584221?
1
What is the millions digit of 20799572?
0
What is the hundred thousands digit of 496538?
4
What is the units digit of 4556986?
6
What is the units digit of 25383888?
8
What is the thousands digit of 591774?
1
What is the units digit of 430326?
6
What is the ten thousands digit of 65317?
6
What is the tens digit of 561109?
0
What is the hundreds digit of 10483388?
3
What is the thousands digit of 5316320?
6
What is the units digit of 255428?
8
What is the ten thousands digit of 61950?
6
What is the ten thousands digit of 203598?
0
What is the thousands digit of 69905?
9
What is the tens digit of 277095?
9
What is the ten thousands digit of 1737476?
3
What is the ten millions digit of 18632044?
1
What is the units digit of 160860?
0
What is the units digit of 1219215?
5
What is the tens digit of 1575552?
5
What is the hundred thousands digit of 6608849?
6
What is the tens digit of 665164?
6
What is the tens digit of 574754?
5
What is the ten thousands digit of 13453?
1
What is the hundred thousands digit of 2056428?
0
What is the units digit of 510111?
1
What is the hundreds digit of 153156?
1
What is the tens digit of 1687874?
7
What is the millions digit of 2922616?
2
What is the tens digit of 137629?
2
What is the hundreds digit of 58145?
1
What is the thousands digit of 499272?
9
What is the hundred thousands digit of 307998?
3
What is the ten thousands digit of 56146?
5
What is the ten thousands digit of 4911546?
1
What is the tens digit of 106100?
0
What is the units digit of 261759?
9
What is the ten thousands digit of 623622?
2
What is the hundreds digit of 13494389?
3
What is the thousands digit of 1136999?
6
What is the hundreds digit of 70654?
6
What is the ten thousands digit of 25274687?
7
What is the tens digit of 791116?
1
What is the hundred thousands digit of 528784?
5
What is the units digit of 3221366?
6
What is the millions digit of 1812827?
1
What is the tens digit of 2263682?
8
What is the thousands digit of 477535?
7
What is the tens digit of 61586?
8
What is the hundreds digit of 745579?
5
What is the hundreds digit of 6613573?
5
What is the units digit of 23021529?
9
What is the hundreds digit of 568742?
7
What is the hundreds digit of 313253?
2
What is the thousands digit of 15002329?
2
What is the ten thousands digit of 337514?
3
What is the thousands digit of 1070008?
0
What is the millions digit of 1328062?
1
What is the millions digit of 1957249?
1
What is the thousands digit of 4383627?
3
What is the ten thousands digit of 3462847?
6
What is the units digit of 476898?
8
What is the units digit of 1426120?
0
What is the hundred thousands digit of 12200590?
2
What is the ten thousands digit of 138664?
3
What is the tens digit of 7144682?
8
What is the millions digit of 1479083?
1
What is the millions digit of 26319706?
6
What is the hundreds digit of 1245969?
9
What is the ten thousands digit of 4842799?
4
What is the tens digit of 974677?
7
What is the thousands digit of 1066481?
6
What is the millions digit of 6236644?
6
What is the thousands digit of 2225109?
5
What is the hundreds digit of 424834?
8
What is the millions digit of 7911487?
7
What is the thousands digit of 1930991?
0
What is the tens digit of 84113?
1
What is the hundreds digit of 9686807?
8
What is the units digit of 5182?
2
What is the tens digit of 227452?
5
What is the thousands digit of 904728?
4
What is the ten thousands digit of 4383075?
8
What is the tens digit of 1037057?
5
What is the units digit of 2901432?
2
What is the hundreds digit of 5493464?
4
What is the hundred thousands digit of 3674703?
6
What is the thousands digit of 866741?
6
What is the tens digit of 123619?
1
What is the tens digit of 1040564?
6
What is the tens digit of 1035461?
6
What is the hundred thousands digit of 122917?
1
What is the tens digit of 2000947?
4
What is the ten thousands digit of 196047?
9
What is the tens digit of 523646?
4
What is the hundred thousands digit of 1390382?
3
What is the units digit of 3430731?
1
What is the millions digit of 7667940?
7
What is the tens digit of 102131?
3
What is the tens digit of 420939?
3
What is the tens digit of 6055927?
2
What is the thousands digit of 14850509?
0
What is the ten thousands digit of 10633925?
3
What is the millions digit of 5298818?
5
What is the units digit of 256773?
3
What is the ten thousands digit of 6692241?
9
What is the millions digit of 9607929?
9
What is the hundred thousands digit of 3862740?
8
What is the units digit of 13135014?
4
What is the ten thousands digit of 214827?
1
What is the hundreds digit of 290039?
0
What is the units digit of 229625?
5
What is the hundreds digit of 481768?
7
What is the thousands digit of 2588311?
8
What is the ten thousands digit of 1919673?
1
What is the tens digit of 2220553?
5
What is the hundred thousands digit of 2954727?
9
What is the ten thousands digit of 1475854?
7
What is the tens digit of 894151?
5
What is the units digit of 788433?
3
What is the ten thousands digit of 1061787?
6
What is the hundreds digit of 8065570?
5
What is the tens digit of 1687049?
4
What is the hundred thousands digit of 279783?
2
What is the hundred thousands digit of 12598108?
5
What is the hundred thousands digit of 4358302?
3
What is the units digit of 27108?
8
What is the ten thousands digit of 7248952?
4
What is the millions digit of 4765966?
4
What is the hundred thousands digit of 2532939?
5
What is the units digit of 13979119?
9
What is the thousands digit of 235073?
5
What is the thousands digit of 622179?
2
What is the millions digit of 13285806?
3
What is the units digit of 950880?
0
What is the hundreds digit of 49651?
6
What is the ten millions digit of 10725920?
1
What is the ten thousands digit of 368035?
6
What is the thousands digit of 18263903?
3
What is the hundred thousands digit of 185777?
1
What is the hundreds digit of 93154?
1
What is the units digit of 471234?
4
What is the tens digit of 105843?
4
What is the tens digit of 3730616?
1
What is the units digit of 17812493?
3
What is the tens digit of 4069027?
2
What is the millions digit of 2568989?
2
What is the hundreds digit of 2250758?
7
What is the tens digit of 1518054?
5
What is the thousands digit of 1014130?
4
What is the tens digit of 1065496?
9
What is the thousands digit of 383705?
3
What is the hundreds digit of 2167?
1
What is the hundred thousands digit of 140728?
1
What is the millions digit of 17442347?
7
What is the units digit of 697261?
1
What is the ten thousands digit of 182243?
8
What is the units digit of 13355832?
2
What is the hundred thousands digit of 379593?
3
What is the ten thousands digit of 2482897?
8
What is the tens digit of 102313?
1
What is the ten thousands digit of 28815777?
1
What is the thousands digit of 96154?
6
What is the hundreds digit of 2119828?
8
What is the millions digit of 3176519?
3
What is the millions digit of 10095684?
0
What is the thousands digit of 2611232?
1
What is the units digit of 1268007?
7
What is the tens digit of 283271?
7
What is the thousands digit of 25591?
5
What is the hundred thousands digit of 241984?
2
What is the tens digit of 9513239?
3
What is the hundred thousands digit of 1734433?
7
What is the hundred thousands digit of 4194404?
1
What is the units digit of 3213648